ndreds digit of g(0)?
1
Suppose -3*b = 5*b - 9056. Suppose 0 = 3*s - 5*g - b, -2*s + 676 = 4*g - 64. Let d = 602 - s. What is the hundreds digit of d?
2
Let g be 55/35 + -2 - (-1408)/(-14). Let i = -99 - g. Suppose 5*o - t = 1005, 4*t = i*o + t - 415. What is the tens digit of o?
0
Let h = 376 + 48. Suppose r + 150 - h = 4*v, -3*v - 194 = 5*r. What is the hundreds digit of (-887)/(-4) + v/(-16) + -4?
2
Let r be 4*9/12 - (-6 + -2). Suppose 1297 = 4*z + 3*a, 2*z = 5*a + 640 - r. What is the units digit of z?
2
Suppose -6*v = -28 - 50. Suppose -5*s - v*l + 1432 = -10*l, -2*s + 5*l + 579 = 0. What is the units digit of s?
7
Suppose -23*p + 43*p + 35*p - 1570855 = 0. What is the ten thousands digit of p?
2
Let s(c) = 203*c**2 - 2*c - 26. What is the ten thousands digit of s(8)?
1
Let j be -321 + (3 - (-12)/(-3)). Let r = j - -660. What is the units digit of r?
8
What is the hundreds digit of (142864/(-56))/((-9)/63)?
8
Suppose -16011 = -j + 5*q, 24*j - 21*j + 5*q - 48153 = 0. What is the thousands digit of j?
6
Suppose 18*o = 20*o - 126. Let g = o + -64. What is the tens digit of g + (-1 - 3) - -250?
4
Let w(o) = -47 + 4*o + 349*o**2 - 342*o**2 + 3*o. What is the tens digit of w(-6)?
6
Let h(f) = 93*f + 11. Let y(o) = 92*o + 12. Suppose 0 = -z - 5*a + 14, -6 - 8 = -4*z + a. Let j(g) = z*y(g) - 5*h(g). What is the units digit of j(-2)?
7
What is the units digit of ((-6223)/18 + 6/27)/(1/(-48))?
4
Let i be (47/(-94))/(2/(-20)). What is the hundreds digit of (64/6)/(i + 3906/(-783))?
9
What is the units digit of -1*((10 - 688) + 5 + 0)?
3
Let x(y) = y**3 - 4*y**2 - 3*y. Let d be x(-10). Let f = d + 2050. What is the tens digit of f?
8
Let q = 190 + -188. What is the hundreds digit of (-3248)/(-32) - q/(-4)?
1
Let s = -1 - -8. Let b(y) = y**3 - 6*y**2 - 9*y - 7. Let r be b(s). What is the tens digit of (-453)/r + -1 - (-12)/28?
2
Let a(q) = -5*q + 30. Let y be a(9). Let c = -25 - y. Let k(x) = x**3 + 12*x**2 + 9*x. What is the units digit of k(c)?
0
Suppose 183*x + 59*x = -101*x + 1233428. What is the thousands digit of x?
3
Suppose -4025 = -4*a - a + 4*v, -4*v + 1610 = 2*a. Let j = a - 520. What is the units digit of j?
5
Let i(c) = -c + 13. Let o be i(-1). Suppose o*p = 10934 - 476. What is the hundreds digit of p?
7
Suppose -5*w - 49528 = -19*w + 6*w. What is the units digit of w?
1
Let z = 753 - -50808. What is the thousands digit of z?
1
Let r(a) = 25163*a**3 - 2*a**2 + 45*a - 48. What is the hundreds digit of r(1)?
1
Let d = 614 - 101. Suppose 0 = 3*s - 3*z - d, -2*s + 521 = s + 5*z. What is the hundreds digit of s?
1
Let x(j) be the third derivative of -j**5/60 + 17*j**4/6 - 5*j**3/6 - j**2 + 3. What is the tens digit of x(58)?
7
Let n be -12*((-121)/(-2))/(-11). Let f = n - -57. What is the hundreds digit of f?
1
Let p be -6 - (-4 - -2) - 543. Let l = -247 - p. What is the hundreds digit of l?
3
Let n(w) be the first derivative of 47*w**2/2 - 70*w - 15. What is the tens digit of n(7)?
5
Suppose 207 = -3*i + 699. Suppose -8*u - 44 = -i. Suppose u*c - 156 = 11*c. What is the tens digit of c?
3
Suppose -3*i - 3*r = -32634, -5*r + 130564 = -5*i + 17*i. What is the ten thousands digit of i?
1
Let n = -749 - -739. Let u = 6 + -1. What is the units digit of 197/u + 0 + 4/n?
9
Suppose 0 = -2*t, -7*t - 9069 = -3*i - 10*t. What is the tens digit of i?
2
Let p = -37600 + 71867. What is the hundreds digit of p?
2
Suppose 18*d = 15*d. Suppose 2*p + 2*u - 4 = 0, d*p + 5*u = -p - 18. Suppose 0 = 9*b - p*b - 600. What is the units digit of b?
0
Let p = -543 - -540. Let h(t) = -60*t + 58. What is the units digit of h(p)?
8
Let x = -248 - -252. Suppose -52 = -x*r + 620. What is the tens digit of r?
6
Suppose 0 = 5*l + p - 65699, 4*p - 7615 + 20738 = l. What is the thousands digit of l?
3
Let p(i) = -i**3 - 6*i**2 + 16*i + 4. Let z be p(-8). Suppose 0*f = z*f - v - 2444, 0 = -5*f - 4*v + 3055. What is the hundreds digit of f?
6
Let y be -58*13/(-10) + (-3)/(-5). Let t = 128 - y. Let n = 143 - t. What is the units digit of n?
1
Suppose 5*d - 7 = 3*y, -y - 1 = -2. Suppose -3*a + d*a = -7. Suppose -195 = -a*h + 379. What is the units digit of h?
2
Let q be (8/3)/(10/240). Suppose t - q = -2*b, 0*t + 3*t - 12 = 0. What is the units digit of b?
0
Let k = 20042 + -11745. What is the units digit of k?
7
Suppose 2*z + 5*r - 10430 = 0, -40 = -r - 34. What is the tens digit of z?
0
Let s = -3754 + 3754. Suppose -a + 2 = 2*f - 4, -2*f = 2*a - 8. What is the hundreds digit of -10*(-25)/((s + 2)/f)?
2
Let u(f) = 9*f**2 + 31*f - 273. What is the units digit of u(36)?
7
Let j be ((-2)/6)/((-5)/90). Suppose -3*k + j*k - 6 = 0. Suppose k*h = 90 + 232. What is the units digit of h?
1
What is the ten thousands digit of (-54)/(-297) + (-778708)/(-22)?
3
Let b(v) = 64*v - 4. Let p be b(3). Let k be 1*(-5)/(10/(-14)). Suppose 11*z = k*z + p. What is the units digit of z?
7
Suppose 191*w - 417126 = 153*w. What is the hundreds digit of w?
9
Suppose 5*k + 4*x = -16 + 114, 5*x + 59 = 2*k. Suppose 4*y + k*y - 14690 = 0. What is the units digit of y?
5
What is the units digit of 63/(-168)*4*45898/(-3)?
9
Let m(a) = 348*a**2 - 46*a + 93. What is the units digit of m(5)?
3
Suppose -16*b + 2691 + 6413 = 0. What is the hundreds digit of 5 + b + (-3 - -7)?
5
Let m(f) = -43*f + 66. Let r be m(7). Let j = -185 - r. What is the units digit of j?
0
Let o = 161 - -149. Suppose -36 = s + 5*z - 98, -o = -5*s + 4*z. What is the units digit of s?
2
Let k be 1 + (0 - 3) + 5 + -703. What is the units digit of 64/(-8)*k/16?
0
What is the thousands digit of 4639*(-46)/(-5) - (19624/(-220) - -90)?
2
Let j(v) = -37*v**2 - 26*v + 55. Let f(s) = -17*s**2 - 12*s + 27. Let b(y) = -9*f(y) + 4*j(y). What is the tens digit of b(11)?
2
Suppose -16*z = -26433 - 31359. What is the thousands digit of z?
3
Let a = -9 + 5. Let c(t) = -t**3 - t**2 + 9*t - 2. Let y be c(a). What is the tens digit of ((-12)/y)/(6/(-195))?
3
Suppose -r + 4*o + 8457 = 0, 3*r - 24*o - 25339 = -20*o. What is the hundreds digit of r?
4
Suppose -3*c + 3*h + 14331 + 59484 = 0, 2*c - 49198 = -2*h. What is the hundreds digit of c?
6
Let q be 12/6 + -93 + 3. Let z = 86 - q. What is the hundreds digit of z?
1
Suppose 0 = -5*t + 24*l - 19*l + 10300, -5*t = -4*l - 10298. What is the tens digit of t?
5
Let h(g) = 0 - 15 - 5*g**2 - 9 - 12*g + 4*g**2. Let j be h(-12). What is the hundreds digit of (14/(-4))/(j/1104)?
1
Let v(a) = -a**2 + 9*a - 18. Let n be v(6). Suppose 5*u = -d - 0*d + 5229, 4*u + 2*d - 4188 = n. What is the thousands digit of u?
1
Let p = -21196 + 30179. What is the units digit of p?
3
Let g(x) = -2*x**2 + 194*x - 2266. What is the thousands digit of g(69)?
1
Let v = -287 + 289. What is the tens digit of 11032/16 - (-2)/4 - v?
8
Let r(o) = o + 13. Let h be r(-8). Suppose g + 51 = -y, 0 = h*g + y - 4*y + 223. Let z = 28 - g. What is the units digit of z?
5
What is the units digit of ((-10696)/573)/(2/(-3990))?
0
Let g(p) = 6*p**2 + 2*p + 3. Let d be g(-4). Let n = d + -43. What is the tens digit of n?
4
Suppose -2*k - 252 = 3*u, 3*k - 4*u = -510 + 132. Let s be 2/7 + (-342)/k. What is the units digit of 2/(-6) - (-460)/s?
3
Let t be (-4)/1 + 5 + 12/3. Suppose -2*a - 4*w + 2552 = 2*a, 3220 = t*a - w. What is the units digit of a?
3
Suppose 5*j - c = -17, 7*c = -3*j + 3*c - 1. Let f(d) = -202*d - 9. Let a(z) = -102*z - 5. Let n(o) = -5*a(o) + 3*f(o). What is the units digit of n(j)?
6
Suppose -13*o - 230943 = -19*o + 140733. What is the tens digit of o?
4
Let t(o) be the first derivative of 44*o**3 - 6*o**2 - 22*o + 123. What is the hundreds digit of t(-2)?
5
What is the units digit of (-34)/119 + 2/((-56)/(-204)) + 4324?
1
Let l = -6448 + 9197. What is the thousands digit of l?
2
What is the units digit of 192/2112 - (-6972)/22?
7
Suppose 4*a = 20, 4*s + 70*a - 69*a = 28681. What is the tens digit of s?
6
Let q = -1561 + 5625. What is the tens digit of q?
6
What is the ten thousands digit of (-216)/(-52) + -4 + 122559992/3068?
3
Let k(l) = 2*l - 3. Let g be k(6). Suppose g = 5*h + 2*b, 4*h - 3*b - 6 - 15 = 0. Suppose 5*v = -4*n + 51, n + v - 39 = -h*n. What is the units digit of n?
9
Let j be (-1)/((-4)/(-48)*-4). Suppose 65 = j*i - 55. What is the units digit of i?
0
Let w be -2*(-3)/((-12)/(-140)). Let s = w + -141. Let r = s - -121. 